{"id":2658,"date":"2020-01-28T13:20:23","date_gmt":"2020-01-28T13:20:23","guid":{"rendered":"https:\/\/demo.creativethemes.com\/blocksy\/blog\/?page_id=2658"},"modified":"2024-04-12T22:14:24","modified_gmt":"2024-04-12T20:14:24","slug":"narrow-width","status":"publish","type":"page","link":"https:\/\/mmmdosquebradaslacapilla.org\/index.php\/narrow-width\/","title":{"rendered":"Manantiales Familiares"},"content":{"rendered":"\n<figure class=\"wp-block-image alignwide size-full\"><img fetchpriority=\"high\" decoding=\"async\" width=\"853\" height=\"480\" src=\"https:\/\/mmmdosquebradaslacapilla.org\/wp-content\/uploads\/2024\/04\/80af6401f588a2666d8cc2b5290301dc.gif\" alt=\"\" class=\"wp-image-4798\"\/><\/figure>\n\n\n\n<p class=\"has-drop-cap has-text-align-left has-palette-color-4-color has-text-color has-link-color has-medium-font-size wp-elements-280dcb9bd878ab21d95ea6319b1c6b7a\">Los Manantiales familiares son hogares donde se ha establecido honrar y dar culto a nuestro Dios. Los invitados son tambi\u00e9n familia, vecinos del sector y\/o visitantes, con el fin de establecer v\u00ednculos familiares de amor, fe, oraci\u00f3n, palabra y poder en Cristo Jes\u00fas, haciendo volver a Dios las familias; recuperando los valores cristianos y espirituales. Es por esto y mucho m\u00e1s la importancia de los mismos<\/p>\n\n\n\n<div class=\"wp-block-media-text alignwide is-stacked-on-mobile has-juicy-peach-gradient-background has-background\" style=\"grid-template-columns:38% auto\"><figure class=\"wp-block-media-text__media\"><img decoding=\"async\" width=\"1024\" height=\"576\" src=\"https:\/\/mmmdosquebradaslacapilla.org\/wp-content\/uploads\/2024\/04\/maxresdefault-1024x576.jpg\" alt=\"\" class=\"wp-image-4799 size-full\" srcset=\"https:\/\/mmmdosquebradaslacapilla.org\/wp-content\/uploads\/2024\/04\/maxresdefault-1024x576.jpg 1024w, https:\/\/mmmdosquebradaslacapilla.org\/wp-content\/uploads\/2024\/04\/maxresdefault-300x169.jpg 300w, https:\/\/mmmdosquebradaslacapilla.org\/wp-content\/uploads\/2024\/04\/maxresdefault-768x432.jpg 768w, https:\/\/mmmdosquebradaslacapilla.org\/wp-content\/uploads\/2024\/04\/maxresdefault.jpg 1280w\" sizes=\"(max-width: 1024px) 100vw, 1024px\" \/><\/figure><div class=\"wp-block-media-text__content\">\n<p class=\"has-text-color has-link-color has-large-font-size wp-elements-d118278c5954d5b427e34869bd3f75f6\" style=\"color:#0b1a8f\"><strong>Ebenezer<\/strong><\/p>\n\n\n\n<p class=\"has-text-color has-link-color has-medium-font-size wp-elements-63216b01d66ee6a9bc4814d54d8e00fa\" style=\"color:#0b1a8f\">Manantial acentuado en el Barrio Camilo Torres, Ciudad Dosquebradas<\/p>\n\n\n\n<p class=\"has-text-color has-link-color has-medium-font-size wp-elements-e926dfc63c4c898c98d3ab86c2c49ef5\" style=\"color:#0b1a8f\">La expresi\u00f3n \u00abEben-ezer, hasta aqu\u00ed nos ayud\u00f3 Jehov\u00e1\u00bb se menciona en el Antiguo Testamento de la Biblia, espec\u00edficamente en el libro de<strong>&nbsp;1 Samuel 7:12<\/strong>. En ese contexto, el profeta Samuel erigi\u00f3 una piedra como un monumento de agradecimiento y recordatorio de la ayuda que Dios hab\u00eda otorgado al pueblo de Israel en su lucha contra los filisteos.<\/p>\n<\/div><\/div>\n\n\n\n<div class=\"wp-block-media-text alignwide has-media-on-the-right is-stacked-on-mobile has-vivid-red-color has-morning-salad-gradient-background has-text-color has-background has-link-color wp-elements-5afc492c4eb848f70d869fabe87bf1e4\" style=\"grid-template-columns:auto 35%\"><div class=\"wp-block-media-text__content\">\n<p class=\"has-large-font-size\"><strong>Peniel<\/strong><\/p>\n\n\n\n<p class=\"has-medium-font-size\">Manantial en el \u00abCrucero\u00bb Ciudad Dosquebradas<\/p>\n\n\n\n<p class=\"has-medium-font-size\">La&nbsp;<strong>Biblia<\/strong>&nbsp;nos relata un&nbsp;<strong>momento asombroso<\/strong>&nbsp;en la vida de&nbsp;<strong>Jacob<\/strong>.&nbsp;En&nbsp;<strong>G\u00e9nesis 32:30<\/strong>, leemos: \u201c<em>Y Jacob le puso a aquel lugar el nombre de Peniel, porque dijo: He visto a Dios cara a cara, y ha sido preservada mi vida<\/em>\u201d&nbsp;<\/p>\n<\/div><figure class=\"wp-block-media-text__media\"><img decoding=\"async\" width=\"1024\" height=\"768\" src=\"https:\/\/mmmdosquebradaslacapilla.org\/wp-content\/uploads\/2024\/04\/libro-manantial-2.jpg\" alt=\"\" class=\"wp-image-4800 size-full\" srcset=\"https:\/\/mmmdosquebradaslacapilla.org\/wp-content\/uploads\/2024\/04\/libro-manantial-2.jpg 1024w, https:\/\/mmmdosquebradaslacapilla.org\/wp-content\/uploads\/2024\/04\/libro-manantial-2-300x225.jpg 300w, https:\/\/mmmdosquebradaslacapilla.org\/wp-content\/uploads\/2024\/04\/libro-manantial-2-768x576.jpg 768w\" sizes=\"(max-width: 1024px) 100vw, 1024px\" \/><\/figure><\/div>\n\n\n\n<div class=\"wp-block-media-text alignwide is-stacked-on-mobile has-over-sun-gradient-background has-text-color has-background has-link-color wp-elements-b4840447013ce06c39aae4beb46da59e\" style=\"color:#ca4705;grid-template-columns:38% auto\"><figure class=\"wp-block-media-text__media\"><img decoding=\"async\" width=\"1024\" height=\"768\" src=\"https:\/\/mmmdosquebradaslacapilla.org\/wp-content\/uploads\/2024\/04\/libro-manantial-2.jpg\" alt=\"\" class=\"wp-image-4800 size-full\" srcset=\"https:\/\/mmmdosquebradaslacapilla.org\/wp-content\/uploads\/2024\/04\/libro-manantial-2.jpg 1024w, https:\/\/mmmdosquebradaslacapilla.org\/wp-content\/uploads\/2024\/04\/libro-manantial-2-300x225.jpg 300w, https:\/\/mmmdosquebradaslacapilla.org\/wp-content\/uploads\/2024\/04\/libro-manantial-2-768x576.jpg 768w\" sizes=\"(max-width: 1024px) 100vw, 1024px\" \/><\/figure><div class=\"wp-block-media-text__content\">\n<p class=\"has-large-font-size\"><strong>Nissi<\/strong><\/p>\n\n\n\n<p class=\"has-medium-font-size\">Manantial en el \u00abGuaudalito\u00bb en la Ciudad de Dosquebradas<\/p>\n\n\n\n<p class=\"has-medium-font-size\">En <strong>\u00c9xodo 17.8-15<\/strong> aprendemos el significado de unos de los nombres de Dios en el A.T. Jehov\u00e1- Nissi. Y Mois\u00e9s levanto un altar en agradecimiento a Jehov\u00e1 por haberle dado la victoria contra los amalecitas; y fue llamado Jehova-nissi que significa mi&nbsp;<strong>estandarte, mi bandera, mi techo, mi protecci\u00f3n y mi victoria.<\/strong><\/p>\n<\/div><\/div>\n\n\n\n<div class=\"wp-block-media-text alignwide has-media-on-the-right is-stacked-on-mobile has-vivid-purple-color has-saint-petersburg-gradient-background has-text-color has-background has-link-color wp-elements-4c9f2885c8f21a221aa7c6669bd5acc7\" style=\"grid-template-columns:auto 38%\"><div class=\"wp-block-media-text__content\">\n<p class=\"has-large-font-size\"><strong>Emmanuel<\/strong><\/p>\n\n\n\n<p class=\"has-medium-font-size\">Manantial ubicado en \u00abBosques de la Acuarela\u00bb Sector La Romelia en la Ciudad de Dosquebradas<\/p>\n\n\n\n<p class=\"has-medium-font-size\">En Mateo 1:23 se escribi\u00f3: \u00abHe aqu\u00ed, una virgen concebir\u00e1 y dar\u00e1 a luz un hijo, y llamar\u00e1s su nombre Emanuel, que traducido es: Dios con nosotros\u00bb La verdad es \u00e9sta: Dios est\u00e1 con nosotros. Este solo hecho puede y evitar\u00e1 los sentimientos de des\u00e1nimo y de ansiedad. La presencia de Dios es algo que podemos experimentar personalmente hoy.<\/p>\n<\/div><figure class=\"wp-block-media-text__media\"><img loading=\"lazy\" decoding=\"async\" width=\"1024\" height=\"769\" src=\"https:\/\/mmmdosquebradaslacapilla.org\/wp-content\/uploads\/2024\/04\/Foto-de-Alejandro-O-1024x769.jpg\" alt=\"\" class=\"wp-image-4801 size-full\" srcset=\"https:\/\/mmmdosquebradaslacapilla.org\/wp-content\/uploads\/2024\/04\/Foto-de-Alejandro-O-1024x769.jpg 1024w, https:\/\/mmmdosquebradaslacapilla.org\/wp-content\/uploads\/2024\/04\/Foto-de-Alejandro-O-300x225.jpg 300w, https:\/\/mmmdosquebradaslacapilla.org\/wp-content\/uploads\/2024\/04\/Foto-de-Alejandro-O-768x577.jpg 768w, https:\/\/mmmdosquebradaslacapilla.org\/wp-content\/uploads\/2024\/04\/Foto-de-Alejandro-O.jpg 1280w\" sizes=\"(max-width: 1024px) 100vw, 1024px\" \/><\/figure><\/div>\n\n\n\n<div class=\"wp-block-media-text alignwide is-stacked-on-mobile has-luminous-vivid-amber-color has-ethernal-constance-gradient-background has-text-color has-background has-link-color wp-elements-cb73272cdf87bdea94e25a3a6b9b1625\" style=\"grid-template-columns:43% auto\"><figure class=\"wp-block-media-text__media\"><img loading=\"lazy\" decoding=\"async\" width=\"1024\" height=\"465\" src=\"https:\/\/mmmdosquebradaslacapilla.org\/wp-content\/uploads\/2024\/04\/Manantial-Jireh-1024x465.jpg\" alt=\"\" class=\"wp-image-4873 size-full\" srcset=\"https:\/\/mmmdosquebradaslacapilla.org\/wp-content\/uploads\/2024\/04\/Manantial-Jireh-1024x465.jpg 1024w, https:\/\/mmmdosquebradaslacapilla.org\/wp-content\/uploads\/2024\/04\/Manantial-Jireh-300x136.jpg 300w, https:\/\/mmmdosquebradaslacapilla.org\/wp-content\/uploads\/2024\/04\/Manantial-Jireh-768x349.jpg 768w, https:\/\/mmmdosquebradaslacapilla.org\/wp-content\/uploads\/2024\/04\/Manantial-Jireh-1536x697.jpg 1536w, https:\/\/mmmdosquebradaslacapilla.org\/wp-content\/uploads\/2024\/04\/Manantial-Jireh-2048x930.jpg 2048w\" sizes=\"(max-width: 1024px) 100vw, 1024px\" \/><\/figure><div class=\"wp-block-media-text__content\">\n<p class=\"has-large-font-size\"><strong>Yireh<\/strong><\/p>\n\n\n\n<p class=\"has-medium-font-size\">Manantial ubicado en el Barrio \u00abLa Hermosa\u00bb de la Ciudad de Santa Rosa de Cabal, Risaralda.<\/p>\n\n\n\n<p>Jireh es una palabra hebrea que significa \u00abEl Se\u00f1or proveer\u00e1\u00bb. Aparece en la Biblia en G\u00e9nesis 22:14, donde Abraham nombra ese lugar despu\u00e9s de que Dios le proveyera un carnero para sacrificar en lugar de su hijo Isaac. <strong>La clave para experimentar la provisi\u00f3n de Dios es tener fe y confianza en \u00c9l. Cuando confiamos en Dios y le pedimos su ayuda, \u00c9l nos proveer\u00e1 de lo que necesitamos en el momento adecuado.<\/strong><\/p>\n<\/div><\/div>\n\n\n\n<div class=\"wp-block-media-text alignwide has-media-on-the-right is-stacked-on-mobile has-vivid-green-cyan-color has-midnight-gradient-background has-text-color has-background has-link-color wp-elements-d076c6f1607e27cfd0d690baa28fe3ee\" style=\"grid-template-columns:auto 38%\"><div class=\"wp-block-media-text__content\">\n<p class=\"has-large-font-size\">Horeb<\/p>\n\n\n\n<p class=\"has-medium-font-size\">Manantial ubicado en el Barrio La Mariana de la Ciudad de Dosquebradas<\/p>\n\n\n\n<p>En la Biblia, el&nbsp;<strong>monte Horeb<\/strong>, que tambi\u00e9n recibe el nombre&nbsp;<strong>de monte<\/strong>&nbsp;Sina\u00ed y&nbsp;<strong>monte de Dios<\/strong>, es el lugar donde&nbsp;<strong>Dios<\/strong>&nbsp;se apareci\u00f3 varias veces. El Monte Horeb tiene un profundo significado espiritual y se relaciona con varios principios b\u00edblicos importantes; representa la santidad de Dios y la necesidad de acercarse a \u00c9l con temor y reverencia.<\/p>\n<\/div><figure class=\"wp-block-media-text__media\"><img decoding=\"async\" width=\"1024\" height=\"768\" src=\"https:\/\/mmmdosquebradaslacapilla.org\/wp-content\/uploads\/2024\/04\/libro-manantial-2.jpg\" alt=\"\" class=\"wp-image-4800 size-full\" srcset=\"https:\/\/mmmdosquebradaslacapilla.org\/wp-content\/uploads\/2024\/04\/libro-manantial-2.jpg 1024w, https:\/\/mmmdosquebradaslacapilla.org\/wp-content\/uploads\/2024\/04\/libro-manantial-2-300x225.jpg 300w, https:\/\/mmmdosquebradaslacapilla.org\/wp-content\/uploads\/2024\/04\/libro-manantial-2-768x576.jpg 768w\" sizes=\"(max-width: 1024px) 100vw, 1024px\" \/><\/figure><\/div>\n\n\n\n<p><\/p>\n\n\n\n<p><strong>CONTINUAREMOS ESTO NO ACABA AQUI&#8230;<\/strong><\/p>\n","protected":false},"excerpt":{"rendered":"<p>Los Manantiales familiares son hogares donde se ha establecido honrar y dar culto a nuestro Dios. Los invitados son tambi\u00e9n familia, vecinos del sector y\/o visitantes, con el fin de establecer v\u00ednculos familiares de amor, fe, oraci\u00f3n, palabra y poder en Cristo Jes\u00fas, haciendo volver a Dios las familias; recuperando los valores cristianos y espirituales. [&hellip;]<\/p>\n","protected":false},"author":1,"featured_media":0,"parent":0,"menu_order":0,"comment_status":"closed","ping_status":"closed","template":"","meta":{"footnotes":""},"blocksy_meta":{"page_title_panel":"","has_hero_section":"default","d5bdd479f8ee92130a8a551342796d84":"","hero_section":"type-1","hero_alignment1":"left","hero_alignment2":"center","hero_height":"230px","page_title_bg_type":"color","custom_hero_background":{"attachment_id":null},"parallax":{"desktop":false,"tablet":false,"mobile":false},"9dbce9d8fb8d98ca76125bf037628cfd":"","single_meta_elements":{"author":false,"date":false,"categories":false,"comments":false,"updated":false,"tags":false},"has_meta_label":"yes","has_meta_avatar":"yes","date_format_source":"custom","single_meta_date_format":"M j, Y","25382f93dbb058e09fc2cb064ce34f76":"","page_excerpt_visibility":{"desktop":true,"tablet":true,"mobile":false},"pageTitleFont":{"family":"Default","variation":"Default","size":{"desktop":"32px","tablet":"30px","mobile":"25px"},"line-height":"1.3","letter-spacing":"CT_CSS_SKIP_RULE","text-transform":"CT_CSS_SKIP_RULE","text-decoration":"CT_CSS_SKIP_RULE"},"pageTitleFontColor":{"default":{"color":"var(--theme-palette-color-4)"}},"pageMetaFont":{"family":"Default","variation":"n6","size":{"desktop":"12px","tablet":"12px","mobile":"12px"},"line-height":"1.3","letter-spacing":"CT_CSS_SKIP_RULE","text-transform":"uppercase","text-decoration":"CT_CSS_SKIP_RULE"},"pageMetaFontColor":{"default":{"color":"CT_CSS_SKIP_RULEDEFAULT"},"hover":{"color":"CT_CSS_SKIP_RULEDEFAULT"}},"pageExcerptFont":{"family":"Default","variation":"n5","size":"CT_CSS_SKIP_RULE","line-height":"CT_CSS_SKIP_RULE","letter-spacing":"CT_CSS_SKIP_RULE","text-transform":"CT_CSS_SKIP_RULE","text-decoration":"CT_CSS_SKIP_RULE"},"pageExcerptColor":{"default":{"color":"CT_CSS_SKIP_RULEDEFAULT"}},"pageTitleOverlay":{"default":{"color":"rgba(41, 51, 60, 0.2)"}},"pageTitleBackground":{"default":{"color":"#EDEFF2"}},"0f6f7abea9f26b2103895727e4bc5a79":"","page_structure_type":"type-3","page_enable_vertical_spacing":"yes","styles_descriptor":{"styles":{"desktop":"","tablet":"","mobile":""},"google_fonts":[],"version":6}},"featured_image_urls":{"full":"","thumbnail":"","medium":"","medium_large":"","large":"","1536x1536":"","2048x2048":""},"post_excerpt_stackable":"<p>Los Manantiales familiares son hogares donde se ha establecido honrar y dar culto a nuestro Dios. Los invitados son tambi\u00e9n familia, vecinos del sector y\/o visitantes, con el fin de establecer v\u00ednculos familiares de amor, fe, oraci\u00f3n, palabra y poder en Cristo Jes\u00fas, haciendo volver a Dios las familias; recuperando los valores cristianos y espirituales. Es por esto y mucho m\u00e1s la importancia de los mismos Ebenezer Manantial acentuado en el Barrio Camilo Torres, Ciudad Dosquebradas La expresi\u00f3n \u00abEben-ezer, hasta aqu\u00ed nos ayud\u00f3 Jehov\u00e1\u00bb se menciona en el Antiguo Testamento de la Biblia, espec\u00edficamente en el libro de&nbsp;1 Samuel 7:12.&hellip;<\/p>\n","category_list":"","author_info":{"name":"httpsmmmdosquebradaslacapilla.org","url":"https:\/\/mmmdosquebradaslacapilla.org\/index.php\/author\/httpsmmmdosquebradaslacapilla-org-2-2-2-2-2-2-2--2\/"},"comments_num":"0 comentarios","yoast_head":"<!-- This site is optimized with the Yoast SEO plugin v22.4 - https:\/\/yoast.com\/wordpress\/plugins\/seo\/ -->\n<title>Manantiales Familiares - MMM Dosquebradas La Capilla<\/title>\n<meta name=\"description\" content=\"Los Manantiales familiares son hogares donde se ha establecido honrar y dar culto a nuestro Dios. Los invitados son tambi\u00e9n familia, vecinos del sector\" \/>\n<meta name=\"robots\" content=\"index, follow, max-snippet:-1, max-image-preview:large, max-video-preview:-1\" \/>\n<link rel=\"canonical\" href=\"https:\/\/mmmdosquebradaslacapilla.org\/index.php\/narrow-width\/\" \/>\n<meta property=\"og:locale\" content=\"es_ES\" \/>\n<meta property=\"og:type\" content=\"article\" \/>\n<meta property=\"og:title\" content=\"Manantiales Familiares - MMM Dosquebradas La Capilla\" \/>\n<meta property=\"og:description\" content=\"Los Manantiales familiares son hogares donde se ha establecido honrar y dar culto a nuestro Dios. Los invitados son tambi\u00e9n familia, vecinos del sector\" \/>\n<meta property=\"og:url\" content=\"https:\/\/mmmdosquebradaslacapilla.org\/index.php\/narrow-width\/\" \/>\n<meta property=\"og:site_name\" content=\"MMM Dosquebradas La Capilla\" \/>\n<meta property=\"article:publisher\" content=\"https:\/\/www.facebook.com\/MMMDOSQUEBRADAS\/\" \/>\n<meta property=\"article:modified_time\" content=\"2024-04-12T20:14:24+00:00\" \/>\n<meta property=\"og:image\" content=\"https:\/\/mmmdosquebradaslacapilla.org\/wp-content\/uploads\/2024\/04\/80af6401f588a2666d8cc2b5290301dc.gif\" \/>\n<meta name=\"twitter:card\" content=\"summary_large_image\" \/>\n<meta name=\"twitter:label1\" content=\"Tiempo de lectura\" \/>\n\t<meta name=\"twitter:data1\" content=\"4 minutos\" \/>\n<script type=\"application\/ld+json\" class=\"yoast-schema-graph\">{\"@context\":\"https:\/\/schema.org\",\"@graph\":[{\"@type\":\"WebPage\",\"@id\":\"https:\/\/mmmdosquebradaslacapilla.org\/index.php\/narrow-width\/\",\"url\":\"https:\/\/mmmdosquebradaslacapilla.org\/index.php\/narrow-width\/\",\"name\":\"Manantiales Familiares - MMM Dosquebradas La Capilla\",\"isPartOf\":{\"@id\":\"https:\/\/mmmdosquebradaslacapilla.org\/#website\"},\"primaryImageOfPage\":{\"@id\":\"https:\/\/mmmdosquebradaslacapilla.org\/index.php\/narrow-width\/#primaryimage\"},\"image\":{\"@id\":\"https:\/\/mmmdosquebradaslacapilla.org\/index.php\/narrow-width\/#primaryimage\"},\"thumbnailUrl\":\"https:\/\/mmmdosquebradaslacapilla.org\/wp-content\/uploads\/2024\/04\/80af6401f588a2666d8cc2b5290301dc.gif\",\"datePublished\":\"2020-01-28T13:20:23+00:00\",\"dateModified\":\"2024-04-12T20:14:24+00:00\",\"description\":\"Los Manantiales familiares son hogares donde se ha establecido honrar y dar culto a nuestro Dios. Los invitados son tambi\u00e9n familia, vecinos del sector\",\"breadcrumb\":{\"@id\":\"https:\/\/mmmdosquebradaslacapilla.org\/index.php\/narrow-width\/#breadcrumb\"},\"inLanguage\":\"es\",\"potentialAction\":[{\"@type\":\"ReadAction\",\"target\":[\"https:\/\/mmmdosquebradaslacapilla.org\/index.php\/narrow-width\/\"]}]},{\"@type\":\"ImageObject\",\"inLanguage\":\"es\",\"@id\":\"https:\/\/mmmdosquebradaslacapilla.org\/index.php\/narrow-width\/#primaryimage\",\"url\":\"https:\/\/mmmdosquebradaslacapilla.org\/wp-content\/uploads\/2024\/04\/80af6401f588a2666d8cc2b5290301dc.gif\",\"contentUrl\":\"https:\/\/mmmdosquebradaslacapilla.org\/wp-content\/uploads\/2024\/04\/80af6401f588a2666d8cc2b5290301dc.gif\",\"width\":853,\"height\":480},{\"@type\":\"BreadcrumbList\",\"@id\":\"https:\/\/mmmdosquebradaslacapilla.org\/index.php\/narrow-width\/#breadcrumb\",\"itemListElement\":[{\"@type\":\"ListItem\",\"position\":1,\"name\":\"Portada\",\"item\":\"https:\/\/mmmdosquebradaslacapilla.org\/\"},{\"@type\":\"ListItem\",\"position\":2,\"name\":\"Manantiales Familiares\"}]},{\"@type\":\"WebSite\",\"@id\":\"https:\/\/mmmdosquebradaslacapilla.org\/#website\",\"url\":\"https:\/\/mmmdosquebradaslacapilla.org\/\",\"name\":\"MMM Dosquebradas La Capilla\",\"description\":\"Una Obra de Esfuerzo a favor del Necesitado\",\"publisher\":{\"@id\":\"https:\/\/mmmdosquebradaslacapilla.org\/#organization\"},\"alternateName\":\"MMM Dosquebradas La Capilla\",\"potentialAction\":[{\"@type\":\"SearchAction\",\"target\":{\"@type\":\"EntryPoint\",\"urlTemplate\":\"https:\/\/mmmdosquebradaslacapilla.org\/?s={search_term_string}\"},\"query-input\":\"required name=search_term_string\"}],\"inLanguage\":\"es\"},{\"@type\":\"Organization\",\"@id\":\"https:\/\/mmmdosquebradaslacapilla.org\/#organization\",\"name\":\"Movimiento Misionero Mundial Dosquebradas La Capilla\",\"alternateName\":\"MMM Dosquebradas La Capilla\",\"url\":\"https:\/\/mmmdosquebradaslacapilla.org\/\",\"logo\":{\"@type\":\"ImageObject\",\"inLanguage\":\"es\",\"@id\":\"https:\/\/mmmdosquebradaslacapilla.org\/#\/schema\/logo\/image\/\",\"url\":\"https:\/\/mmmdosquebradaslacapilla.org\/wp-content\/uploads\/2024\/03\/348248116_9256617271046048_3460254157073949573_n.jpg\",\"contentUrl\":\"https:\/\/mmmdosquebradaslacapilla.org\/wp-content\/uploads\/2024\/03\/348248116_9256617271046048_3460254157073949573_n.jpg\",\"width\":189,\"height\":185,\"caption\":\"Movimiento Misionero Mundial Dosquebradas La Capilla\"},\"image\":{\"@id\":\"https:\/\/mmmdosquebradaslacapilla.org\/#\/schema\/logo\/image\/\"},\"sameAs\":[\"https:\/\/www.facebook.com\/MMMDOSQUEBRADAS\/\",\"https:\/\/www.youtube.com\/channel\/UCW-_TCh3VVxm2eMO7rU1--A\",\"https:\/\/www.instagram.com\/poemasysalmos\/\"]}]}<\/script>\n<!-- \/ Yoast SEO plugin. -->","yoast_head_json":{"title":"Manantiales Familiares - MMM Dosquebradas La Capilla","description":"Los Manantiales familiares son hogares donde se ha establecido honrar y dar culto a nuestro Dios. Los invitados son tambi\u00e9n familia, vecinos del sector","robots":{"index":"index","follow":"follow","max-snippet":"max-snippet:-1","max-image-preview":"max-image-preview:large","max-video-preview":"max-video-preview:-1"},"canonical":"https:\/\/mmmdosquebradaslacapilla.org\/index.php\/narrow-width\/","og_locale":"es_ES","og_type":"article","og_title":"Manantiales Familiares - MMM Dosquebradas La Capilla","og_description":"Los Manantiales familiares son hogares donde se ha establecido honrar y dar culto a nuestro Dios. Los invitados son tambi\u00e9n familia, vecinos del sector","og_url":"https:\/\/mmmdosquebradaslacapilla.org\/index.php\/narrow-width\/","og_site_name":"MMM Dosquebradas La Capilla","article_publisher":"https:\/\/www.facebook.com\/MMMDOSQUEBRADAS\/","article_modified_time":"2024-04-12T20:14:24+00:00","og_image":[{"url":"https:\/\/mmmdosquebradaslacapilla.org\/wp-content\/uploads\/2024\/04\/80af6401f588a2666d8cc2b5290301dc.gif"}],"twitter_card":"summary_large_image","twitter_misc":{"Tiempo de lectura":"4 minutos"},"schema":{"@context":"https:\/\/schema.org","@graph":[{"@type":"WebPage","@id":"https:\/\/mmmdosquebradaslacapilla.org\/index.php\/narrow-width\/","url":"https:\/\/mmmdosquebradaslacapilla.org\/index.php\/narrow-width\/","name":"Manantiales Familiares - MMM Dosquebradas La Capilla","isPartOf":{"@id":"https:\/\/mmmdosquebradaslacapilla.org\/#website"},"primaryImageOfPage":{"@id":"https:\/\/mmmdosquebradaslacapilla.org\/index.php\/narrow-width\/#primaryimage"},"image":{"@id":"https:\/\/mmmdosquebradaslacapilla.org\/index.php\/narrow-width\/#primaryimage"},"thumbnailUrl":"https:\/\/mmmdosquebradaslacapilla.org\/wp-content\/uploads\/2024\/04\/80af6401f588a2666d8cc2b5290301dc.gif","datePublished":"2020-01-28T13:20:23+00:00","dateModified":"2024-04-12T20:14:24+00:00","description":"Los Manantiales familiares son hogares donde se ha establecido honrar y dar culto a nuestro Dios. Los invitados son tambi\u00e9n familia, vecinos del sector","breadcrumb":{"@id":"https:\/\/mmmdosquebradaslacapilla.org\/index.php\/narrow-width\/#breadcrumb"},"inLanguage":"es","potentialAction":[{"@type":"ReadAction","target":["https:\/\/mmmdosquebradaslacapilla.org\/index.php\/narrow-width\/"]}]},{"@type":"ImageObject","inLanguage":"es","@id":"https:\/\/mmmdosquebradaslacapilla.org\/index.php\/narrow-width\/#primaryimage","url":"https:\/\/mmmdosquebradaslacapilla.org\/wp-content\/uploads\/2024\/04\/80af6401f588a2666d8cc2b5290301dc.gif","contentUrl":"https:\/\/mmmdosquebradaslacapilla.org\/wp-content\/uploads\/2024\/04\/80af6401f588a2666d8cc2b5290301dc.gif","width":853,"height":480},{"@type":"BreadcrumbList","@id":"https:\/\/mmmdosquebradaslacapilla.org\/index.php\/narrow-width\/#breadcrumb","itemListElement":[{"@type":"ListItem","position":1,"name":"Portada","item":"https:\/\/mmmdosquebradaslacapilla.org\/"},{"@type":"ListItem","position":2,"name":"Manantiales Familiares"}]},{"@type":"WebSite","@id":"https:\/\/mmmdosquebradaslacapilla.org\/#website","url":"https:\/\/mmmdosquebradaslacapilla.org\/","name":"MMM Dosquebradas La Capilla","description":"Una Obra de Esfuerzo a favor del Necesitado","publisher":{"@id":"https:\/\/mmmdosquebradaslacapilla.org\/#organization"},"alternateName":"MMM Dosquebradas La Capilla","potentialAction":[{"@type":"SearchAction","target":{"@type":"EntryPoint","urlTemplate":"https:\/\/mmmdosquebradaslacapilla.org\/?s={search_term_string}"},"query-input":"required name=search_term_string"}],"inLanguage":"es"},{"@type":"Organization","@id":"https:\/\/mmmdosquebradaslacapilla.org\/#organization","name":"Movimiento Misionero Mundial Dosquebradas La Capilla","alternateName":"MMM Dosquebradas La Capilla","url":"https:\/\/mmmdosquebradaslacapilla.org\/","logo":{"@type":"ImageObject","inLanguage":"es","@id":"https:\/\/mmmdosquebradaslacapilla.org\/#\/schema\/logo\/image\/","url":"https:\/\/mmmdosquebradaslacapilla.org\/wp-content\/uploads\/2024\/03\/348248116_9256617271046048_3460254157073949573_n.jpg","contentUrl":"https:\/\/mmmdosquebradaslacapilla.org\/wp-content\/uploads\/2024\/03\/348248116_9256617271046048_3460254157073949573_n.jpg","width":189,"height":185,"caption":"Movimiento Misionero Mundial Dosquebradas La Capilla"},"image":{"@id":"https:\/\/mmmdosquebradaslacapilla.org\/#\/schema\/logo\/image\/"},"sameAs":["https:\/\/www.facebook.com\/MMMDOSQUEBRADAS\/","https:\/\/www.youtube.com\/channel\/UCW-_TCh3VVxm2eMO7rU1--A","https:\/\/www.instagram.com\/poemasysalmos\/"]}]}},"_links":{"self":[{"href":"https:\/\/mmmdosquebradaslacapilla.org\/index.php\/wp-json\/wp\/v2\/pages\/2658"}],"collection":[{"href":"https:\/\/mmmdosquebradaslacapilla.org\/index.php\/wp-json\/wp\/v2\/pages"}],"about":[{"href":"https:\/\/mmmdosquebradaslacapilla.org\/index.php\/wp-json\/wp\/v2\/types\/page"}],"author":[{"embeddable":true,"href":"https:\/\/mmmdosquebradaslacapilla.org\/index.php\/wp-json\/wp\/v2\/users\/1"}],"replies":[{"embeddable":true,"href":"https:\/\/mmmdosquebradaslacapilla.org\/index.php\/wp-json\/wp\/v2\/comments?post=2658"}],"version-history":[{"count":6,"href":"https:\/\/mmmdosquebradaslacapilla.org\/index.php\/wp-json\/wp\/v2\/pages\/2658\/revisions"}],"predecessor-version":[{"id":4874,"href":"https:\/\/mmmdosquebradaslacapilla.org\/index.php\/wp-json\/wp\/v2\/pages\/2658\/revisions\/4874"}],"wp:attachment":[{"href":"https:\/\/mmmdosquebradaslacapilla.org\/index.php\/wp-json\/wp\/v2\/media?parent=2658"}],"curies":[{"name":"wp","href":"https:\/\/api.w.org\/{rel}","templated":true}]}}